{"id":3581,"date":"2026-01-09T21:24:37","date_gmt":"2026-01-09T21:24:37","guid":{"rendered":"https:\/\/coemco.org.br\/2026\/?page_id=3581"},"modified":"2026-03-31T14:26:18","modified_gmt":"2026-03-31T14:26:18","slug":"organizacao","status":"publish","type":"page","link":"https:\/\/coemco.org.br\/2026\/organizacao\/","title":{"rendered":"Organiza\u00e7\u00e3o"},"content":{"rendered":"\t\t<div data-elementor-type=\"wp-page\" data-elementor-id=\"3581\" class=\"elementor elementor-3581\" data-elementor-post-type=\"page\">\n\t\t\t\t<div class=\"elementor-element elementor-element-7adc809 e-con-full e-flex e-con e-parent\" data-id=\"7adc809\" data-element_type=\"container\">\n\t\t\t\t<div class=\"elementor-element elementor-element-471a2d2 elementor--h-position-center elementor--v-position-middle elementor-widget elementor-widget-slides\" data-id=\"471a2d2\" data-element_type=\"widget\" data-settings=\"{&quot;navigation&quot;:&quot;none&quot;,&quot;transition&quot;:&quot;slide&quot;,&quot;transition_speed&quot;:500}\" data-widget_type=\"slides.default\">\n\t\t\t\t\t\t\t\t\t\t<div class=\"elementor-slides-wrapper elementor-main-swiper swiper\" role=\"region\" aria-roledescription=\"carousel\" aria-label=\"Slides\" dir=\"ltr\" data-animation=\"\">\n\t\t\t\t<div class=\"swiper-wrapper elementor-slides\">\n\t\t\t\t\t\t\t\t\t\t<div class=\"elementor-repeater-item-cb82680 swiper-slide\" role=\"group\" aria-roledescription=\"slide\"><div class=\"swiper-slide-bg\" role=\"img\" aria-label=\"xcoemco_bg_home_v3\"><\/div><div class=\"elementor-background-overlay\"><\/div><div class=\"swiper-slide-inner\" ><div class=\"swiper-slide-contents\"><div class=\"elementor-slide-heading\">Organiza\u00e7\u00e3o<\/div><\/div><\/div><\/div>\t\t\t\t<\/div>\n\t\t\t\t\t\t\t<\/div>\n\t\t\t\t\t\t\t\t<\/div>\n\t\t\t\t<\/div>\n\t\t<div class=\"elementor-element elementor-element-8961905 e-flex e-con-boxed e-con e-parent\" data-id=\"8961905\" data-element_type=\"container\">\n\t\t\t\t\t<div class=\"e-con-inner\">\n\t\t\t\t<div class=\"elementor-element elementor-element-2a02125 elementor-widget elementor-widget-text-editor\" data-id=\"2a02125\" data-element_type=\"widget\" data-widget_type=\"text-editor.default\">\n\t\t\t\t\t\t\t\t\t<p><strong>Diretor da Regional Centro-Oeste | ABEM<\/strong><br \/>\u2013 Prof. Dr. Jos\u00e9 Eduardo Baroneza<\/p>\n<p>\u00a0<\/p>\n<p><strong>Presidente Docente | X COEMCO<\/strong><br \/>\u2013 Profa. Dra. Ana Maria de Oliveira<\/p>\n<p>\u00a0<\/p>\n<p><strong>Presidente de Honra | X COEMCO<\/strong><br \/>\u2013 Prof. Dr. Celmo Celeno Porto<\/p>\n<p>\u00a0<\/p>\n<p><strong>Presidente Discente | X COEMCO<\/strong><br \/>\u2013 Acad. Thalles Eduardo Ribeiro<\/p>\n<p><br \/><strong><br \/>COMISS\u00c3O EXECUTIVA<\/strong><\/p>\n<p><strong>Presidente da Comiss\u00e3o<\/strong><br \/>\u2013 Docente Jos\u00e9 Eduardo Baroneza (Diretor da ABEM-CO)<\/p>\n<p><strong>Presidente da Comiss\u00e3o de Programa\u00e7\u00e3o<\/strong><br \/>\u2013 Docente Ana Maria de Oliveira (UFG)<\/p>\n<p><strong>Presidente da Comiss\u00e3o de Alojamento<\/strong><br \/>\u2013 Discente Talles Eduardo Ribeiro (UFG)<\/p>\n<p><strong>Presidente da Comiss\u00e3o de Infraestrutura<\/strong><br \/>\u2013 Docente Alessandra Vitorino Naghettini (UFG)<\/p>\n<p><strong>Presidente da Comiss\u00e3o de Trabalhos Cient\u00edficos<\/strong><br \/>\u2013 Docente Denise Milioli Ferreira (PUC GO)<\/p>\n<p><strong>Presidente da Comiss\u00e3o Cultural<\/strong><br \/>\u2013 Docente Eliane Terezinha Afonso (UFG)<\/p>\n<p><strong>Presidente da Comiss\u00e3o de Divulga\u00e7\u00e3o e MKT<\/strong><br \/>\u2013 Discente Maraiza Carneiro (UNIDERP)<\/p>\n<p><br \/><strong>COMISS\u00c3O DE PROGRAMA\u00c7\u00c3O<\/strong><\/p>\n<p>\u2013 Docente Ana Maria de Oliveira \u2013 Presidente (UFG)<br \/>\u2013 Docente Odete Messa Torres (UnB)<br \/>\u2013 Docente Alessandra Vitorino Naghettini (UFG)<br \/>\u2013 Docente Higor Chagas Cardoso (UNIEVANG\u00c9LICA)<br \/>\u2013 Docente Priscila Usevicius (UNIEVANG\u00c9LICA)<br \/>\u2013 Discente George Luiz Neris Caetano (UnB)<\/p>\n<p>\u00a0<\/p>\n<p><strong>COMISS\u00c3O DE TRABALHOS CIENT\u00cdFICOS<\/strong><\/p>\n<p>\u2013 Docente Denise Milioli Ferreira \u2013 (PUC-GO)<br \/>\u2013 Docente Danielle da Silva Barbas (UnB)<br \/>\u2013 Docente Ubirajara Jos\u00e9 Pican\u00e7o de Miranda J\u00fanior (UNICEUB e UNICEPLAC)<br \/>\u2013 Docente Guilherme Augusto Santos Bueno (UNIEURO e UNIRV)<\/p>\n<p>\u00a0<\/p>\n<p><strong>COMISS\u00c3O DE INFRAESTRUTURA<\/strong><\/p>\n<p>\u2013 Docente Alessandra Vitorino Naghetini (UFG)<br \/>\u2013 Docente Eliane Terezinha Afonso (UFG)<br \/>\u2013 Discente Thalles Eduardo Ribeiro (UFG)<br \/>\u2013 Discente Ana Julia Alnert (PUC-GO)<br \/>\u2013 Discente Samara (PUC-GO)<\/p>\n<p>\u00a0<\/p>\n<p><strong>COMISS\u00c3O DE ALOJAMENTO<\/strong><\/p>\n<p>\u2013 Discente Thalles Eduardo Ribeiro (UFG)<br \/>\u2013 Doc. Ana Maria de Oliveira (UFG)<br \/>\u2013 Disc. Geovana Melo (PUC-GO)<br \/>\u2013 Disc. Daniele Vieira (PUC-GO)<\/p>\n<p>\u00a0<\/p>\n<p><strong>COMISS\u00c3O DE DIVULGA\u00c7\u00c3O E MARKETING<\/strong><\/p>\n<p>\u2013 Discente Maraiza Carneiro (UNIDERP)<br \/>\u2013 Discente Ingrid Ribeiro da Mata (UnB)<br \/>\u2013 Discente Pedro Henrique Medeiros (UnB)<br \/>\u2013 Discente Bryan Leal (UNICESUMAR \u2013 CORUMB\u00c1)<\/p>\n<p>\u00a0<\/p>\n<p><strong>COMISS\u00c3O DE CULTURA<\/strong><\/p>\n<p>\u2013 Docente Eliane Terezinha Afonso (UFG)<br \/>\u2013 Docente Thiago Figueiredo de Castro (UnB)<br \/>\u2013 Discente Pedro Henrique Medeiros (UnB)<br \/>\u2013 Discente Samuel Sotero (UNICEPLAC)<br \/>\u2013 Discente Anna J\u00falia Musskof (PUC-GO)<br \/>\u2013 Discente Matheus Feliph Alves Arantes (PUC-GO)<br \/><br \/><\/p>\n<p><\/p>\t\t\t\t\t\t\t\t<\/div>\n\t\t\t\t\t<\/div>\n\t\t\t\t<\/div>\n\t\t\t\t<\/div>\n\t\t","protected":false},"excerpt":{"rendered":"<p>Organiza\u00e7\u00e3o Diretor da Regional Centro-Oeste | ABEM\u2013 Prof. Dr. Jos\u00e9 Eduardo Baroneza \u00a0 Presidente Docente | X COEMCO\u2013 Profa. Dra. Ana Maria de Oliveira \u00a0 Presidente de Honra | X COEMCO\u2013 Prof. Dr. Celmo Celeno Porto \u00a0 Presidente Discente | X COEMCO\u2013 Acad. Thalles Eduardo Ribeiro COMISS\u00c3O EXECUTIVA Presidente da Comiss\u00e3o\u2013 Docente Jos\u00e9 Eduardo Baroneza [&hellip;]<\/p>\n","protected":false},"author":2,"featured_media":0,"parent":0,"menu_order":2,"comment_status":"closed","ping_status":"closed","template":"","meta":{"footnotes":""},"class_list":["post-3581","page","type-page","status-publish","hentry"],"_links":{"self":[{"href":"https:\/\/coemco.org.br\/2026\/wp-json\/wp\/v2\/pages\/3581","targetHints":{"allow":["GET"]}}],"collection":[{"href":"https:\/\/coemco.org.br\/2026\/wp-json\/wp\/v2\/pages"}],"about":[{"href":"https:\/\/coemco.org.br\/2026\/wp-json\/wp\/v2\/types\/page"}],"author":[{"embeddable":true,"href":"https:\/\/coemco.org.br\/2026\/wp-json\/wp\/v2\/users\/2"}],"replies":[{"embeddable":true,"href":"https:\/\/coemco.org.br\/2026\/wp-json\/wp\/v2\/comments?post=3581"}],"version-history":[{"count":10,"href":"https:\/\/coemco.org.br\/2026\/wp-json\/wp\/v2\/pages\/3581\/revisions"}],"predecessor-version":[{"id":4170,"href":"https:\/\/coemco.org.br\/2026\/wp-json\/wp\/v2\/pages\/3581\/revisions\/4170"}],"wp:attachment":[{"href":"https:\/\/coemco.org.br\/2026\/wp-json\/wp\/v2\/media?parent=3581"}],"curies":[{"name":"wp","href":"https:\/\/api.w.org\/{rel}","templated":true}]}}